when c(2) is divided by 37.
33
Suppose f + 2*f + 5*m - 76 = 0, 5*f - 4*m = 102. Let r be 6405/28 - 1/(-4). Suppose 23 + r = 4*o. What is the remainder when o is divided by f?
19
Let j(y) be the first derivative of y**3/3 - 3*y**2/2 + 28*y + 16. What is the remainder when j(-9) is divided by 35?
31
Suppose 0 = -k + 4 - 2. Suppose k*q + 4*q = 126. What is the remainder when q is divided by 6?
3
Suppose 4*u + u - 4*t = 19, 3*u = -4*t + 5. Let m(i) = -16*i + 3. Let v be m(u). Let w = 82 + v. What is the remainder when w is divided by 13?
11
Let f = 17 + -16. Calculate the remainder when f/(-5) - 662/(-10) is divided by 14.
10
Let o = 38 - 23. Suppose 0 = 14*x - o*x + 8. Calculate the remainder when 15 is divided by x.
7
Suppose -243 = -3*c + 6*l, 4*l + 14 + 2 = 0. What is the remainder when 242 is divided by c?
23
Let k = 365 + -327. What is the remainder when 100 is divided by k?
24
Let d be (3*(-11)/(-6))/((-2)/(-4)). Suppose d*o = -o + 840. What is the remainder when o is divided by 12?
10
Calculate the remainder when (13 + -7)*-139*1/(-2) is divided by 14.
11
Let f = -24 - -50. Suppose c = -4*k - f + 1, 1 = -k + 5*c. Let t = 16 + k. Calculate the remainder when 27 is divided by t.
7
Let s(d) = 4*d**2 - 2*d - 2. Let o be s(-1). Suppose t = -o*t + 130. What is the remainder when t is divided by 7?
5
Let a = -6 - -5. Let s = a + 5. Calculate the remainder when ((-18)/7)/((-7)/49) is divided by s.
2
Let y be ((135/12)/(-5))/((-4)/16). Suppose 35*z - 780 = y*z. Suppose 4*p - 4*g = -6*g + 62, -5*p - 4*g = -76. Calculate the remainder when z is divided by p.
14
Suppose -29*c + 270 = -27*c - 4*q, 4*q - 286 = -2*c. Calculate the remainder when c is divided by 15.
4
Let i = -217 - -255. Calculate the remainder when i is divided by 2.
0
Suppose 7*y - 578 + 116 = 0. What is the remainder when 791 is divided by y?
65
Let r = 53 + -48. Calculate the remainder when (-23)/(-4) - 2/((-40)/r) is divided by 4.
2
Let i be 4/10*(-25)/(-5). Let y be (1 - 0)/(i/46). Suppose -5*h = -67 - y. Calculate the remainder when 32 is divided by h.
14
Suppose -k + 4*k = -6. Let m be 3 + 9/3*k. Calculate the remainder when (1 - 0)*(m + 10) is divided by 4.
3
Let r(c) = -1 + c**2 - 3*c + 0*c - c. Let t be r(5). Suppose 2*f + t = 30. What is the remainder when f is divided by 4?
1
What is the remainder when (9 - 19) + 9 - -439 is divided by 90?
78
Let q be 30/165 - 867/(-11). Suppose -3*t + q = -4*s, 0*t - 170 = -5*t - s. What is the remainder when t is divided by 7?
5
Let z(o) = -o**2 + 8*o + 4. Suppose 5*u - 20 = 3*t, -t - 2 = -u - 0. Suppose 10*q - 104 + 44 = 0. What is the remainder when z(u) is divided by q?
5
Let v be 1/3*-108*2/(-4). What is the remainder when 12*((-10)/v)/((-30)/36) is divided by 5?
3
Suppose -178*d + 834 = -172*d. What is the remainder when d is divided by 35?
34
Let s(m) = -2*m**3 + 11*m**2 - 9. Let a(q) = -q**3 + 1. Let o(v) = 4*a(v) - s(v). What is the remainder when o(-6) is divided by 10?
9
Let t = 2662 + -2484. What is the remainder when t is divided by 9?
7
Let q = -1970 + 1988. Calculate the remainder when 27 is divided by q.
9
Let t(y) = 22 + 0*y - 2 + 2*y - 4. Let q be t(-7). Suppose -2*k + 0*k = -10, q*k - 28 = -2*r. Calculate the remainder when 17 is divided by r.
8
Let u = -61 - -80. What is the remainder when 168 is divided by u?
16
Calculate the remainder when 124 - ((-24)/(-2))/2 is divided by 20.
18
Let q = 3146 - 5558. Let a be 2*1 - q/9. Let k = a - 153. Calculate the remainder when k is divided by 30.
27
Let q(a) = a**2 - a - 9. Suppose 0*s - 3*s = 12. Calculate the remainder when 40 is divided by q(s).
7
Suppose 5*v - 15 = 0, -5*r = -r - 2*v - 18. Let g = -12 + 10. What is the remainder when 1/(g - 76/(-36)) is divided by r?
3
Let r(v) = 15*v + 49. What is the remainder when r(-3) is divided by 1?
0
Suppose -2*a = -t + 3, -38*a = -2*t - 43*a + 42. Let w = 50 - 7. Calculate the remainder when w is divided by t.
10
Let b = 1721 - 1251. What is the remainder when b is divided by 19?
14
Let l = 2 + -6. Let h(o) = -5 + 5*o - o + 85*o**3 - 87*o**3 - 4*o**2. Calculate the remainder when h(l) is divided by 15.
13
Calculate the remainder when (-8208)/(-81) + 4/(-3) is divided by 10.
0
Suppose -5*u + 30 = -885. Calculate the remainder when u is divided by 92.
91
Let x(s) = -5*s**2 - 5*s + 5. Let i be x(2). Let u = 158 - i. What is the remainder when u is divided by 46?
45
Let m = 352 + -118. Calculate the remainder when m is divided by 72.
18
Let g(r) = r + 5. Suppose 7*b - 12 = 16. Suppose -b*p = 4*x - 14 - 2, 2*x + 4*p - 10 = 0. Calculate the remainder when g(4) is divided by x.
0
Let r(m) = -30*m + 63. What is the remainder when r(-11) is divided by 44?
41
Let m be (-35)/(-45) + (-2)/(-9). Let z be 0 + -3 + 3*m. Let y(h) = -h**3 + h**2 - h + 41. Calculate the remainder when y(z) is divided by 14.
13
Suppose 0 = 2*k - 0*k - 12. Suppose -2340 = -78*g - 78*g. What is the remainder when g is divided by k?
3
Suppose -3*b - n + 40 = 0, b + 3*n + 24 = 4*b. Let s be 4/14 + (-72)/(-42). Suppose -b = -s*o - 2*o. What is the remainder when o is divided by 3?
0
Let s be (-65)/(-15)*(3 - 0). Let x be (s*-1)/((-1)/2). Suppose -2*f + 4*w + x = -f, 0 = 4*f + 5*w - 41. What is the remainder when 26 is divided by f?
12
Let m(g) = 2*g**2 - 15*g + 50. Calculate the remainder when 4/((-1)/(-40)*2) is divided by m(4).
14
Calculate the remainder when 328 is divided by 7238/132 + ((-44)/24 - -2).
53
Let g be (0 + -1)/(1/9). What is the remainder when ((-14)/(-6))/(0 + g/(-27)) is divided by 6?
1
Let t be (-2 - (1 - -2))*-5. Suppose -t + 193 = 12*b. What is the remainder when 81 is divided by b?
11
Let h = -270 - -328. Calculate the remainder when 111 is divided by h.
53
Suppose 3*m = 6, -3*b + 113 = -0*b + 4*m. Suppose b = 4*h - h + 5*v, -2*v + 11 = h. What is the remainder when 52 is divided by h?
7
Let m = 18 - 15. Suppose -2*n = -m - 3. Calculate the remainder when 11 is divided by n.
2
Calculate the remainder when 669 is divided by (-3)/(-1) - (8 + (-96)/6).
9
Calculate the remainder when (35/(-20))/(8/(-544)) is divided by 41.
37
Let d = 1 + 4. Suppose 5*h - 32 = -0*z - 3*z, -5*z + 8 = -3*h. Suppose 0 = 2*c - o - 5, d*c = 4*o + z + 4. Calculate the remainder when 15 is divided by c.
3
Suppose 0 = -4*b + 788 - 144. What is the remainder when b is divided by 0*((-64)/(-160) - (-6)/10) - -27?
26
Let q = -34 + 51. Suppose 0 = 2*u - 5*d - 29, q = 2*u - 0*u - d. Calculate the remainder when 34 is divided by u.
6
Let f = -16 - -30. Suppose -4*p = -f - 46. Calculate the remainder when p is divided by 6.
3
Suppose 0 = 4*g - 3*y - 527, -7*y - 263 = -2*g - 6*y. What is the remainder when g is divided by 22?
21
Suppose 0 = 5*r + 1 - 11, 4*h - 374 = 3*r. What is the remainder when h is divided by 16?
15
Suppose 0 = 26*k + 8*k - 748. Let u(q) = q. Calculate the remainder when k is divided by u(5).
2
Let j(k) = 8*k + 249. Calculate the remainder when 76 is divided by j(-28).
1
Let f = 1479 - 1246. What is the remainder when f is divided by 16?
9
Let g be -3*(-2 + 1/(-3)). What is the remainder when (-575)/(-7) + g/(-49) is divided by 28?
26
Let d be (8/2)/((-3)/(-3 + -3)). Suppose -d = x - 4*x + 5*s, 0 = -x + 2*s + 1. Calculate the remainder when 42 is divided by x.
9
Let d be (-1)/(-6) - 95/30. Let r(q) = q - 5. Let t(i) = 2*i - 5. Let v(p) = 2*r(p) - 3*t(p). What is the remainder when v(d) is divided by 6?
5
Let p = 1997 + -1841. What is the remainder when p is divided by 6?
0
Let y(r) = -r**3 + 2*r**2 + 6*r + 2. Calculate the remainder when y(-4) is divided by (-2)/((-6)/9) - (-160)/10.
17
Let m(v) = v**3 - 6*v**2 + 5*v - 4. Calculate the remainder when 228 is divided by m(6).
20
Suppose -4*s + s = 15. Let r be (224/40)/((-1)/s). Suppose 0 = 2*i + 2*j - r, 4*i - 7 - 31 = 5*j. Calculate the remainder when 34 is divided by i.
10
Let r(i) be the second derivative of -i**5/20 + i**4/4 + 5*i**3/6 + 2*i**2 + 2*i. Let q be r(-4). What is the remainder when 2 is divided by q/42 + 2/(-7)?
0
Suppose 0 = -2*i - l + 60, -22*l - 137 = -5*i - 18*l. What is the remainder when 463 is divided by i?
28
Suppose 2*r = -8, -4*t + r + 556 = 2*r. Suppose -710 + 182 = -11*o. Calculate the remainder when t is divided by o.
44
Let b be ((-8)/(-2) + -8)/(-1). Suppose 4*m - m = h - 58, -2*h - 